 the remainder when 1742 is divided by 62?
6
Calculate the remainder when 255 is divided by 40.
15
What is the remainder when 197 is divided by 33?
32
Calculate the remainder when 213 is divided by 57.
42
Calculate the remainder when 690 is divided by 7.
4
Calculate the remainder when 42 is divided by 12.
6
What is the remainder when 1853 is divided by 5?
3
What is the remainder when 125 is divided by 59?
7
Calculate the remainder when 1719 is divided by 42.
39
Calculate the remainder when 123 is divided by 33.
24
What is the remainder when 466 is divided by 28?
18
What is the remainder when 409 is divided by 10?
9
Calculate the remainder when 15 is divided by 2.
1
What is the remainder when 904 is divided by 31?
5
What is the remainder when 1098 is divided by 91?
6
Calculate the remainder when 37 is divided by 21.
16
Calculate the remainder when 100 is divided by 32.
4
Calculate the remainder when 466 is divided by 118.
112
What is the remainder when 677 is divided by 310?
57
Calculate the remainder when 767 is divided by 9.
2
Calculate the remainder when 22035 is divided by 7.
6
Calculate the remainder when 82 is divided by 74.
8
What is the remainder when 5572 is divided by 310?
302
Calculate the remainder when 1007 is divided by 251.
3
Calculate the remainder when 80 is divided by 14.
10
What is the remainder when 1696 is divided by 243?
238
What is the remainder when 870 is divided by 111?
93
What is the remainder when 205 is divided by 53?
46
What is the remainder when 45 is divided by 36?
9
Calculate the remainder when 34 is divided by 8.
2
What is the remainder when 4201 is divided by 145?
141
What is the remainder when 1780 is divided by 105?
100
What is the remainder when 131 is divided by 58?
15
What is the remainder when 46 is divided by 8?
6
What is the remainder when 2030 is divided by 206?
176
What is the remainder when 71 is divided by 28?
15
Calculate the remainder when 5560 is divided by 1849.
13
What is the remainder when 834 is divided by 205?
14
What is the remainder when 563 is divided by 34?
19
What is the remainder when 149 is divided by 81?
68
What is the remainder when 99 is divided by 16?
3
What is the remainder when 2013 is divided by 56?
53
Calculate the remainder when 51 is divided by 8.
3
Calculate the remainder when 22439 is divided by 17.
16
Calculate the remainder when 918 is divided by 20.
18
Calculate the remainder when 48 is divided by 18.
12
Calculate the remainder when 3116 is divided by 6.
2
What is the remainder when 449 is divided by 50?
49
What is the remainder when 2041 is divided by 16?
9
Calculate the remainder when 845 is divided by 149.
100
Calculate the remainder when 84 is divided by 53.
31
Calculate the remainder when 305 is divided by 83.
56
What is the remainder when 709 is divided by 14?
9
Calculate the remainder when 50 is divided by 20.
10
Calculate the remainder when 35 is divided by 21.
14
Calculate the remainder when 614 is divided by 11.
9
Calculate the remainder when 17948 is divided by 352.
348
What is the remainder when 1627 is divided by 11?
10
Calculate the remainder when 287 is divided by 160.
127
What is the remainder when 4807 is divided by 12?
7
Calculate the remainder when 3101 is divided by 194.
191
Calculate the remainder when 836 is divided by 84.
80
Calculate the remainder when 4503 is divided by 378.
345
What is the remainder when 82 is divided by 27?
1
What is the remainder when 8987 is divided by 21?
20
Calculate the remainder when 23 is divided by 11.
1
What is the remainder when 595 is divided by 59?
5
Calculate the remainder when 512 is divided by 103.
100
What is the remainder when 343 is divided by 15?
13
What is the remainder when 1713 is divided by 5?
3
Calculate the remainder when 2424 is divided by 2423.
1
What is the remainder when 1482 is divided by 102?
54
What is the remainder when 8600 is divided by 34?
32
What is the remainder when 22 is divided by 9?
4
Calculate the remainder when 59 is divided by 26.
7
What is the remainder when 13 is divided by 6?
1
Calculate the remainder when 995 is divided by 43.
6
Calculate the remainder when 350 is divided by 11.
9
What is the remainder when 144 is divided by 11?
1
What is the remainder when 378 is divided by 149?
80
What is the remainder when 276 is divided by 22?
12
What is the remainder when 580 is divided by 11?
8
What is the remainder when 386 is divided by 64?
2
What is the remainder when 102 is divided by 15?
12
What is the remainder when 30 is divided by 13?
4
What is the remainder when 417 is divided by 30?
27
Calculate the remainder when 14297 is divided by 21.
17
What is the remainder when 254 is divided by 19?
7
What is the remainder when 347 is divided by 70?
67
Calculate the remainder when 1970 is divided by 116.
114
Calculate the remainder when 559 is divided by 123.
67
What is the remainder when 290 is divided by 28?
10
What is the remainder when 9025 is divided by 37?
34
What is the remainder when 2545 is divided by 17?
12
Calculate the remainder when 120 is divided by 1.
0
What is the remainder when 81 is divided by 5?
1
What is the remainder when 49 is divided by 26?
23
Calculate the remainder when 1763 is divided by 49.
48
What is the remainder when 2070 is divided by 83?
78
Calculate the remainder when 844 is divided by 29.
3
Calculate the remainder when 1072 is divided by 29.
28
What is the remainder when 190 is divided by 43?
18
What is the remainder when 831 is divided by 17?
15
Calculate the remainder when 201 is divided by 29.
27
Calculate the remainder when 167 is divided by 34.
31
Calculate the remainder when 207 is divided by 73.
61
What is the remainder when 773 is divided by 43?
42
What is the remainder when 5484 is divided by 32?
12
What is the remainder when 318 is divided by 23?
19
Calculate the remainder when 336 is divided by 106.
18
Calculate the remainder when 4491 is divided by 214.
211
What is the remainder when 1105 is divided by 40?
25
What is the remainder when 115 is divided by 39?
37
Calculate the remainder when 564 is divided by 10.
4
What is the remainder when 71314 is divided by 14?
12
Calculate the remainder when 834 is divided by 65.
54
Calculate the remainder when 417 is divided by 60.
57
Calculate the remainder when 25 is divided by 22.
3
What is the remainder when 46 is divided by 16?
14
Calculate the remainder when 122 is divided by 36.
14
What is the remainder when 279 is divided by 14?
13
Calculate the remainder when 1021 is divided by 54.
49
Calculate the remainder when 736 is divided by 236.
28
Calculate the remainder when 265 is divided by 37.
6
Calculate the remainder when 201 is divided by 65.
6
What is the remainder when 2217 is divided by 101?
96
Calculate the remainder when 36 is divided by 2.
0
Calculate the remainder when 436 is divided by 34.
28
Calculate the remainder when 701 is divided by 174.
5
What is the remainder when 277 is divided by 93?
91
Calculate the remainder when 272 is divided by 123.
26
Calculate the remainder when 211 is divided by 13.
3
What is the remainder when 401 is divided by 41?
32
Calculate the remainder when 732 is divided by 240.
12
Calculate the remainder when 2035 is divided by 204.
199
Calculate the remainder when 327 is divided by 8.
7
What is the remainder when 231 is divided by 29?
28
What is the remainder when 358 is divided by 12?
10
What is the remainder when 217 is divided by 75?
67
Calculate the remainder when 356 is divided by 121.
114
Calculate the remainder when 80 is divided by 30.
20
What is the remainder when 698 is divided by 5?
3
What is the remainder when 231 is divided by 30?
21
Calculate the remainder when 2207 is divided by 47.
45
Calculate the remainder when 182 is divided by 54.
20
Calculate the remainder when 549 is divided by 11.
10
What is the remainder when 1364 is divided by 450?
14
What is the remainder when 168 is divided by 11?
3
What is the remainder when 655 is divided by 196?
67
What is the remainder when 16 is divided by 5?
1
Calculate the remainder when 26 is divided by 15.
11
Calculate the remainder when 1315 is divided by 163.
11
Calculate the remainder when 1088 is divided by 42.
38
Calculate the remainder when 51 is divided by 10.
1
Calculate the remainder when 134 is divi